{"id":10030,"date":"2023-08-06T14:52:54","date_gmt":"2023-08-06T14:52:54","guid":{"rendered":"https:\/\/smartecing.com\/productos\/?post_type=product&#038;p=10030"},"modified":"2023-08-06T14:53:24","modified_gmt":"2023-08-06T14:53:24","slug":"camara-wifi-con-vision-nocturna","status":"publish","type":"product","link":"https:\/\/smartecing.com\/productos\/index.php\/camara-wifi-con-vision-nocturna\/","title":{"rendered":"C\u00e1mara wifi con visi\u00f3n nocturna"},"content":{"rendered":"<p>La C6N de EZVIZ incluye una funci\u00f3n IR inteligente que utiliza luz infrarroja (IR) avanzada para capturar m\u00e1s detalles con baja luminosidad. Con su campo de visi\u00f3n de 360 grados y la funci\u00f3n de seguimiento inteligente no se perder\u00e1 nada.<\/p>\n<p>Con IR inteligente, la intensidad de los ledes infrarrojos se ajustan autom\u00e1ticamente para evitar la sobre exposici\u00f3n en modo de visi\u00f3n nocturna, as\u00ed obtendr\u00e1 m\u00e1s detalles del objeto o la persona capturados de noche.<\/p>\n<p>Mantenga vigilado cada rinc\u00f3n con solo una C6N.Su campo de visi\u00f3n expansivo de 360 grados garantiza una cobertura total, para que no se pierda nada.<\/p>\n<p>Al detectar un objeto en movimiento, la C6N es lo suficientemente inteligente como para seguir su movimiento al tiempo que le alerta con una imagen en tiempo real.<\/p>\n<p>Hable con sus seres queridos y disuada a los desconocidos no deseados utilizando la funci\u00f3n de comunicaci\u00f3n bidireccional de la C6N. Utilizando la aplicaci\u00f3n EZVIZ en su dispositivo m\u00f3vil, puede comunicarse f\u00e1cil y c\u00f3modamente desde cualquier lugar.<\/p>\n<p>\u00bfDesea un poco m\u00e1s de privacidad? Con un toque en la aplicaci\u00f3n EZVIZ en su dispositivo m\u00f3vil puede habilitar el modo suspensi\u00f3n, proporcion\u00e1ndole privacidad cuando lo necesite.<\/p>\n<p>Guarde sus grabaciones con distintas opciones flexibles y seguras. La C6N incluye una ranura integrada para tarjetas microSD que permite almacenar hasta 256 GB de im\u00e1genes grabadas. Tambi\u00e9n puede guardar sus im\u00e1genes en la plataforma de servicio en la nube EZVIZ Cloud* para mayor seguridad.<\/p>\n","protected":false},"excerpt":{"rendered":"<p>C\u00e1mara wifi con visi\u00f3n nocturna de 2MP con IR inteligente (hasta 10 m). Audio bidireccional, seguimiento inteligente de 360\u00b0, puerto de red, slot para MicroSD 256GB, Alarma 10MIR.<\/p>\n","protected":false},"featured_media":10080,"comment_status":"open","ping_status":"closed","template":"","meta":[],"product_cat":[95,96],"product_tag":[],"_links":{"self":[{"href":"https:\/\/smartecing.com\/productos\/index.php\/wp-json\/wp\/v2\/product\/10030"}],"collection":[{"href":"https:\/\/smartecing.com\/productos\/index.php\/wp-json\/wp\/v2\/product"}],"about":[{"href":"https:\/\/smartecing.com\/productos\/index.php\/wp-json\/wp\/v2\/types\/product"}],"replies":[{"embeddable":true,"href":"https:\/\/smartecing.com\/productos\/index.php\/wp-json\/wp\/v2\/comments?post=10030"}],"wp:featuredmedia":[{"embeddable":true,"href":"https:\/\/smartecing.com\/productos\/index.php\/wp-json\/wp\/v2\/media\/10080"}],"wp:attachment":[{"href":"https:\/\/smartecing.com\/productos\/index.php\/wp-json\/wp\/v2\/media?parent=10030"}],"wp:term":[{"taxonomy":"product_cat","embeddable":true,"href":"https:\/\/smartecing.com\/productos\/index.php\/wp-json\/wp\/v2\/product_cat?post=10030"},{"taxonomy":"product_tag","embeddable":true,"href":"https:\/\/smartecing.com\/productos\/index.php\/wp-json\/wp\/v2\/product_tag?post=10030"}],"curies":[{"name":"wp","href":"https:\/\/api.w.org\/{rel}","templated":true}]}}