{"id":10033,"date":"2023-08-06T14:52:54","date_gmt":"2023-08-06T14:52:54","guid":{"rendered":"https:\/\/smartecing.com\/productos\/?post_type=product&#038;p=10033"},"modified":"2023-08-06T14:53:33","modified_gmt":"2023-08-06T14:53:33","slug":"router-inalambrico-ac12","status":"publish","type":"product","link":"https:\/\/smartecing.com\/productos\/index.php\/router-inalambrico-ac12\/","title":{"rendered":"Router inal\u00e1mbrico AC12"},"content":{"rendered":"<p>El AC12 crea una red de Wi-Fi confiable e incre\u00edblemente r\u00e1pida utilizando el potente est\u00e1ndar 802.11ac Wi-Fi, 3 veces m\u00e1s r\u00e1pido que las velocidades de N inal\u00e1mbricas. Cada vez m\u00e1s dispositivos utilizan el est\u00e1ndar de CA, y el enrutador correcto puede ser su rendimiento de Wi-Fi a su m\u00e1ximo potencial. Con su velocidad inal\u00e1mbrica avanzada, el AC12 es la opci\u00f3n superior para un Wi-Fi m\u00e1s r\u00e1pido y m\u00e1s fuerte.<\/p>\n","protected":false},"excerpt":{"rendered":"<p>Router inal\u00e1mbrico AC12 de doble banda AC1200. Compatible con el est\u00e1ndar 802.11ac: la pr\u00f3xima generaci\u00f3n de Wi-Fi. Disfrute de juegos y transmisi\u00f3n de video en l\u00ednea sin interrupciones con banda dual a 1200 Mbps Wi-Fi. 4 Antenas externas ampl\u00edan enormemente la cobertura inal\u00e1mbrica. Guest Network Access brinda acceso seguro a Wi-Fi para hu\u00e9spedes que comparten la red de su hogar u oficina. Instalaci\u00f3n sencilla: la p\u00e1gina web intuitiva te gu\u00eda a trav\u00e9s del proceso de configuraci\u00f3n en minutos.<\/p>\n","protected":false},"featured_media":10085,"comment_status":"open","ping_status":"closed","template":"","meta":[],"product_cat":[243,244],"product_tag":[],"_links":{"self":[{"href":"https:\/\/smartecing.com\/productos\/index.php\/wp-json\/wp\/v2\/product\/10033"}],"collection":[{"href":"https:\/\/smartecing.com\/productos\/index.php\/wp-json\/wp\/v2\/product"}],"about":[{"href":"https:\/\/smartecing.com\/productos\/index.php\/wp-json\/wp\/v2\/types\/product"}],"replies":[{"embeddable":true,"href":"https:\/\/smartecing.com\/productos\/index.php\/wp-json\/wp\/v2\/comments?post=10033"}],"wp:featuredmedia":[{"embeddable":true,"href":"https:\/\/smartecing.com\/productos\/index.php\/wp-json\/wp\/v2\/media\/10085"}],"wp:attachment":[{"href":"https:\/\/smartecing.com\/productos\/index.php\/wp-json\/wp\/v2\/media?parent=10033"}],"wp:term":[{"taxonomy":"product_cat","embeddable":true,"href":"https:\/\/smartecing.com\/productos\/index.php\/wp-json\/wp\/v2\/product_cat?post=10033"},{"taxonomy":"product_tag","embeddable":true,"href":"https:\/\/smartecing.com\/productos\/index.php\/wp-json\/wp\/v2\/product_tag?post=10033"}],"curies":[{"name":"wp","href":"https:\/\/api.w.org\/{rel}","templated":true}]}}