{"id":10705,"date":"2023-08-06T15:37:44","date_gmt":"2023-08-06T15:37:44","guid":{"rendered":"https:\/\/smartecing.com\/productos\/?post_type=product&#038;p=10705"},"modified":"2023-08-06T15:38:40","modified_gmt":"2023-08-06T15:38:40","slug":"deco-e4-2pack","status":"publish","type":"product","link":"https:\/\/smartecing.com\/productos\/index.php\/deco-e4-2pack\/","title":{"rendered":"DECO E4 (2PACK)"},"content":{"rendered":"","protected":false},"excerpt":{"rendered":"<p>DECO E4 (2PACK). Sistema Wi-Fi de malla para toda la Casa AC1200. Deco utiliza un sistema de unidades para lograr una cobertura Wi-Fi perfecta en todo el hogar, con la avanzada tecnolog\u00eda Deco Mesh. Las unidades trabajan juntas para formar una red unificada con un solo nombre de red. Los dispositivos cambian autom\u00e1ticamente entre Decos a medida que se desplaza por su hogar para obtener las velocidades m\u00e1s r\u00e1pidas posibles. Un paquete de dos Deco E4 ofrece Wi-Fi a un \u00e1rea de hasta 2800 pies cuadrados (versi\u00f3n de la UE). Y si eso no es suficiente, simplemente agregue m\u00e1s Decos a la red en cualquier momento para aumentar la cobertura. Deco E4 proporciona conexiones r\u00e1pidas y estables con velocidades de hasta 1167 Mbps y funciona con los principales proveedores de servicios de Internet (ISP) y m\u00f3dem. Deco puede manejar el tr\u00e1fico incluso desde las redes m\u00e1s ocupadas, proporcionando conexiones sin retrasos para hasta 100 dispositivos. El control parental limita el tiempo en l\u00ednea y bloquea los sitios web inapropiados de acuerdo con los perfiles \u00fanicos creados para cada miembro de la familia. La configuraci\u00f3n es m\u00e1s f\u00e1cil que nunca con la aplicaci\u00f3n Deco para guiarlo en cada paso.<\/p>\n","protected":false},"featured_media":10773,"comment_status":"open","ping_status":"closed","template":"","meta":[],"product_cat":[15],"product_tag":[],"_links":{"self":[{"href":"https:\/\/smartecing.com\/productos\/index.php\/wp-json\/wp\/v2\/product\/10705"}],"collection":[{"href":"https:\/\/smartecing.com\/productos\/index.php\/wp-json\/wp\/v2\/product"}],"about":[{"href":"https:\/\/smartecing.com\/productos\/index.php\/wp-json\/wp\/v2\/types\/product"}],"replies":[{"embeddable":true,"href":"https:\/\/smartecing.com\/productos\/index.php\/wp-json\/wp\/v2\/comments?post=10705"}],"wp:featuredmedia":[{"embeddable":true,"href":"https:\/\/smartecing.com\/productos\/index.php\/wp-json\/wp\/v2\/media\/10773"}],"wp:attachment":[{"href":"https:\/\/smartecing.com\/productos\/index.php\/wp-json\/wp\/v2\/media?parent=10705"}],"wp:term":[{"taxonomy":"product_cat","embeddable":true,"href":"https:\/\/smartecing.com\/productos\/index.php\/wp-json\/wp\/v2\/product_cat?post=10705"},{"taxonomy":"product_tag","embeddable":true,"href":"https:\/\/smartecing.com\/productos\/index.php\/wp-json\/wp\/v2\/product_tag?post=10705"}],"curies":[{"name":"wp","href":"https:\/\/api.w.org\/{rel}","templated":true}]}}