{"id":10883,"date":"2023-08-06T15:40:06","date_gmt":"2023-08-06T15:40:06","guid":{"rendered":"https:\/\/smartecing.com\/productos\/?post_type=product&#038;p=10883"},"modified":"2023-08-06T15:40:37","modified_gmt":"2023-08-06T15:40:37","slug":"lector-de-huella-dig-4500u","status":"publish","type":"product","link":"https:\/\/smartecing.com\/productos\/index.php\/lector-de-huella-dig-4500u\/","title":{"rendered":"LECTOR DE HUELLA DIG 4500U"},"content":{"rendered":"","protected":false},"excerpt":{"rendered":"<p>El lector de huella UAREU 4500 es un dispositivo especializado para escaneo de huella dactilares, tecnolog\u00eda \u00f3ptica r\u00e1pida y precisa, cuenta con las librer\u00edas para realizar los desarrollos de software a la medida, modelo de adquisici\u00f3n de SDK totalmente gratis, m\u00faltiple compatibilidad con todos los sistemas operativos.<\/p>\n","protected":false},"featured_media":10933,"comment_status":"open","ping_status":"closed","template":"","meta":[],"product_cat":[15],"product_tag":[],"_links":{"self":[{"href":"https:\/\/smartecing.com\/productos\/index.php\/wp-json\/wp\/v2\/product\/10883"}],"collection":[{"href":"https:\/\/smartecing.com\/productos\/index.php\/wp-json\/wp\/v2\/product"}],"about":[{"href":"https:\/\/smartecing.com\/productos\/index.php\/wp-json\/wp\/v2\/types\/product"}],"replies":[{"embeddable":true,"href":"https:\/\/smartecing.com\/productos\/index.php\/wp-json\/wp\/v2\/comments?post=10883"}],"wp:featuredmedia":[{"embeddable":true,"href":"https:\/\/smartecing.com\/productos\/index.php\/wp-json\/wp\/v2\/media\/10933"}],"wp:attachment":[{"href":"https:\/\/smartecing.com\/productos\/index.php\/wp-json\/wp\/v2\/media?parent=10883"}],"wp:term":[{"taxonomy":"product_cat","embeddable":true,"href":"https:\/\/smartecing.com\/productos\/index.php\/wp-json\/wp\/v2\/product_cat?post=10883"},{"taxonomy":"product_tag","embeddable":true,"href":"https:\/\/smartecing.com\/productos\/index.php\/wp-json\/wp\/v2\/product_tag?post=10883"}],"curies":[{"name":"wp","href":"https:\/\/api.w.org\/{rel}","templated":true}]}}