{"id":10884,"date":"2023-08-06T15:40:06","date_gmt":"2023-08-06T15:40:06","guid":{"rendered":"https:\/\/smartecing.com\/productos\/?post_type=product&#038;p=10884"},"modified":"2023-08-06T15:40:40","modified_gmt":"2023-08-06T15:40:40","slug":"lector-de-codigo-de-barras-honeywell-xenon-1950g","status":"publish","type":"product","link":"https:\/\/smartecing.com\/productos\/index.php\/lector-de-codigo-de-barras-honeywell-xenon-1950g\/","title":{"rendered":"Lector de c\u00f3digo de barras Honeywell Xenon 1950G"},"content":{"rendered":"<p>TECNOLOG\u00cdA        Imager<br \/>\nVELOCIDAD        254 cm\/seg<br \/>\nACTIVACI\u00d3N        Autom\u00e1tico<br \/>\nMODO DE OPERACI\u00d3N        Manual<br \/>\nCAPACIDAD DE DECODIFICACI\u00d3N        1D \/ 2D<br \/>\nINTERFAZ DE COMUNICACI\u00d3N        USB<br \/>\nTEMPERATURA DE FUNCIONAMIENTO        0 a 50 \u00b0C<br \/>\nTEMPERATURA DE ALMACENAMIENTO        -40 a 70 \u00baC<br \/>\nRESISTENCIA A CA\u00cdDAS        Hasta 1.8 metros<br \/>\n\u00c1NGULO DE LECTURA        Horizontal: 48\u00b0 \/ Vertical: 30\u00b0<br \/>\nTIEMPO DE CARGA        No Aplica<br \/>\nHORAS DE OPERACI\u00d3N        No Aplica<br \/>\nPROTECCI\u00d3N        IP41<br \/>\nGARANT\u00cdA        5 A\u00f1os<br \/>\nACCESORIOS        No<br \/>\nCOLOR        Negro<\/p>\n","protected":false},"excerpt":{"rendered":"<p>Lector de c\u00f3digo de barras Honeywell Xenon 1950G. Los esc\u00e1neres de la serie Xenon XP 1950 est\u00e1n optimizados para escanear tanto los c\u00f3digos digitales de los tel\u00e9fonos inteligentes de los clientes como los c\u00f3digos de mercanc\u00edas por parte del cajero en el registro. Lectura de c\u00e9dula QR.<\/p>\n","protected":false},"featured_media":10934,"comment_status":"open","ping_status":"closed","template":"","meta":[],"product_cat":[15],"product_tag":[],"_links":{"self":[{"href":"https:\/\/smartecing.com\/productos\/index.php\/wp-json\/wp\/v2\/product\/10884"}],"collection":[{"href":"https:\/\/smartecing.com\/productos\/index.php\/wp-json\/wp\/v2\/product"}],"about":[{"href":"https:\/\/smartecing.com\/productos\/index.php\/wp-json\/wp\/v2\/types\/product"}],"replies":[{"embeddable":true,"href":"https:\/\/smartecing.com\/productos\/index.php\/wp-json\/wp\/v2\/comments?post=10884"}],"wp:featuredmedia":[{"embeddable":true,"href":"https:\/\/smartecing.com\/productos\/index.php\/wp-json\/wp\/v2\/media\/10934"}],"wp:attachment":[{"href":"https:\/\/smartecing.com\/productos\/index.php\/wp-json\/wp\/v2\/media?parent=10884"}],"wp:term":[{"taxonomy":"product_cat","embeddable":true,"href":"https:\/\/smartecing.com\/productos\/index.php\/wp-json\/wp\/v2\/product_cat?post=10884"},{"taxonomy":"product_tag","embeddable":true,"href":"https:\/\/smartecing.com\/productos\/index.php\/wp-json\/wp\/v2\/product_tag?post=10884"}],"curies":[{"name":"wp","href":"https:\/\/api.w.org\/{rel}","templated":true}]}}