{"id":11020,"date":"2023-08-06T15:41:26","date_gmt":"2023-08-06T15:41:26","guid":{"rendered":"https:\/\/smartecing.com\/productos\/?post_type=product&#038;p=11020"},"modified":"2023-08-06T15:41:44","modified_gmt":"2023-08-06T15:41:44","slug":"scanner-de-codigo-de-barras-ld101r-plus","status":"publish","type":"product","link":"https:\/\/smartecing.com\/productos\/index.php\/scanner-de-codigo-de-barras-ld101r-plus\/","title":{"rendered":"Scanner de C\u00f3digo de Barras LD101R Plus"},"content":{"rendered":"","protected":false},"excerpt":{"rendered":"<p>El Lector de c\u00f3digo de barras SAT LD101R Plus tiene grado de protecci\u00f3n IP65 con velocidad de lectura de 300 escaneos por segundo. El scanner LD101R PLUS cuenta con base para reposo; cable USB y gatillo para lectura de c\u00f3digos pausada. Su rendimiento excepcional lo hacen ideal para cualquier tipo de negocio.<\/p>\n","protected":false},"featured_media":11041,"comment_status":"open","ping_status":"closed","template":"","meta":[],"product_cat":[15],"product_tag":[],"_links":{"self":[{"href":"https:\/\/smartecing.com\/productos\/index.php\/wp-json\/wp\/v2\/product\/11020"}],"collection":[{"href":"https:\/\/smartecing.com\/productos\/index.php\/wp-json\/wp\/v2\/product"}],"about":[{"href":"https:\/\/smartecing.com\/productos\/index.php\/wp-json\/wp\/v2\/types\/product"}],"replies":[{"embeddable":true,"href":"https:\/\/smartecing.com\/productos\/index.php\/wp-json\/wp\/v2\/comments?post=11020"}],"wp:featuredmedia":[{"embeddable":true,"href":"https:\/\/smartecing.com\/productos\/index.php\/wp-json\/wp\/v2\/media\/11041"}],"wp:attachment":[{"href":"https:\/\/smartecing.com\/productos\/index.php\/wp-json\/wp\/v2\/media?parent=11020"}],"wp:term":[{"taxonomy":"product_cat","embeddable":true,"href":"https:\/\/smartecing.com\/productos\/index.php\/wp-json\/wp\/v2\/product_cat?post=11020"},{"taxonomy":"product_tag","embeddable":true,"href":"https:\/\/smartecing.com\/productos\/index.php\/wp-json\/wp\/v2\/product_tag?post=11020"}],"curies":[{"name":"wp","href":"https:\/\/api.w.org\/{rel}","templated":true}]}}