{"id":11029,"date":"2023-08-06T15:41:27","date_gmt":"2023-08-06T15:41:27","guid":{"rendered":"https:\/\/smartecing.com\/productos\/?post_type=product&#038;p=11029"},"modified":"2023-08-06T15:42:37","modified_gmt":"2023-08-06T15:42:37","slug":"teclado-kb-100-usb-genius","status":"publish","type":"product","link":"https:\/\/smartecing.com\/productos\/index.php\/teclado-kb-100-usb-genius\/","title":{"rendered":"TECLADO KB-100 USB Genius"},"content":{"rendered":"<h2>TECLADO KB-100 USB<\/h2>\n<p>Con el teclado KB-100 USB Genius puedes aumentar tu eficiencia m\u00e1s de un 30% al personalizar cualquiera de las 12 teclas de funci\u00f3n para iniciar aplicaciones, visitar sitios web, habilitar multimedia, enviar emojis, crear accesos directos internos de aplicaciones. Con solo tocar un comando de un solo bot\u00f3n, tambi\u00e9n puede resaltar las palabras o frases que usa con m\u00e1s frecuencia.<\/p>\n<p>&nbsp;<\/p>\n<p>Puede personalizar las 12 teclas de funci\u00f3n con m\u00e9todos de acceso preconstruidos para iniciar aplicaciones, acceder a documentos, invocar el navegador para visitar URL web, caracteres emoji comunes o c\u00f3digos de teclas est\u00e1ndar. Si desea un control m\u00e1s preciso, puede especificar aplicaciones o URL web con par\u00e1metros o incluso puede especificar pulsaciones de teclas de estilo libre como si estuviera tecleando las pulsaciones de teclas cuando se presiona una sola tecla de funci\u00f3n.<\/p>\n<p>&nbsp;<\/p>\n<p>Puede asignar teclas multimedia a cualquier tecla de funci\u00f3n que desee. Tambi\u00e9n puede designar cualquiera de estas teclas para acceder r\u00e1pidamente a su cantante \u00eddolo o lista de \u00e9xitos o escuchar con frecuencia con su reproductor de m\u00fasica de escritorio favorito, como Spotify, KKBox o similares. Visualice The Smart en movimiento con aplicaciones de teclas de funci\u00f3n personalizadas.<\/p>\n<p>&nbsp;<\/p>\n<p>El motor inteligente mapea autom\u00e1ticamente la configuraci\u00f3n de las teclas de funci\u00f3n por aplicaci\u00f3n cuando detecta que cambia para trabajar en una aplicaci\u00f3n diferente. Es un teclado personalizable. Junto con Genius Smart Engine, proporciona un control completo de las 12 teclas de funci\u00f3n \u00fanicas para su integraci\u00f3n web, aplicaciones, social o comercial favorita.<\/p>\n<p><img decoding=\"async\" loading=\"lazy\" class=\"alignnone wp-image-23770 size-large\" src=\"https:\/\/www.staging5.mgicomputadores.com\/wp-content\/uploads\/2021\/10\/TECLADO-KB-100-USB-genius-1024x427.jpg\" alt=\"TECLADO KB-100 USB genius\" width=\"1024\" height=\"427\" \/><\/p>\n<h3>Caracter\u00edsticas del TECLADO KB-100 USB<\/h3>\n<p>&nbsp;<\/p>\n<table id=\"tablepress-026\" class=\"tablepress tablepress-id-026\">\n<thead>\n<tr class=\"row-1 odd\">\n<th class=\"column-1\">Nombre del modelo<\/th>\n<th class=\"column-2\">Inteligente KB-100<\/th>\n<\/tr>\n<\/thead>\n<tbody class=\"row-hover\">\n<tr class=\"row-2 even\">\n<td class=\"column-1\">Interfaz<\/td>\n<td class=\"column-2\">USB<\/td>\n<\/tr>\n<tr class=\"row-3 odd\">\n<td class=\"column-1\">Tipo de tecla<\/td>\n<td class=\"column-2\">C\u00f3ncavo<\/td>\n<\/tr>\n<tr class=\"row-4 even\">\n<td class=\"column-1\">Teclas de funci\u00f3n<\/td>\n<td class=\"column-2\">S\u00ed, 12 (8 de audio, 4 de Internet)<\/td>\n<\/tr>\n<tr class=\"row-5 odd\">\n<td class=\"column-1\">Teclas multimedia<\/td>\n<td class=\"column-2\">No<\/td>\n<\/tr>\n<tr class=\"row-6 even\">\n<td class=\"column-1\">Longitud del cable (m)<\/td>\n<td class=\"column-2\">1,5 metros<\/td>\n<\/tr>\n<tr class=\"row-7 odd\">\n<td class=\"column-1\">Otro<\/td>\n<td class=\"column-2\">\u2014<\/td>\n<\/tr>\n<tr class=\"row-8 even\">\n<td class=\"column-1\">Peso (gramos)<\/td>\n<td class=\"column-2\">Aprox.\u00a0450 gramos<\/td>\n<\/tr>\n<tr class=\"row-9 odd\">\n<td class=\"column-1\">Dimensiones (An. x Al. x Pr.) mm (pulgadas)<\/td>\n<td class=\"column-2\">440,51 x 139,67 x 20,07 mm (17,34 x 5,50 x 0,79 pulgadas)<\/td>\n<\/tr>\n<tr class=\"row-10 even\">\n<td class=\"column-1\">APLICACI\u00d3N SmartGenius<\/td>\n<td class=\"column-2\">S\u00ed,<\/p>\n<p>Windows 7, 8, 8.1, 10 \/ macOS X 10.10 ~ 10.15<\/p>\n<p><a href=\"https:\/\/download.geniusnet.com.tw\/SmartGenius\/SmartGenius_Win_1.7.0.3.zip\" target=\"_blank\" rel=\"noopener noreferrer\"><strong>Aplicaci\u00f3n SmartGenius para WIN Descargar<\/strong><\/a><\/p>\n<p><a href=\"https:\/\/download.geniusnet.com.tw\/SmartGenius\/SmartGenius_MAC_1.7.0.3.zip\" target=\"_blank\" rel=\"noopener noreferrer\"><strong>aplicaci\u00f3n SmartGenius para MAC Descargar<\/strong><\/a><\/p>\n<p>Observaci\u00f3n:<\/p>\n<p>* El hardware y el firmware del producto vienen preestablecidos de f\u00e1brica.\u00a0Puede ajustar la configuraci\u00f3n para satisfacer su demanda.\u00a0Para una actualizaci\u00f3n de firmware, puede consultar nuestro sitio web.<\/td>\n<\/tr>\n<tr class=\"row-11 odd\">\n<td class=\"column-1\">Requisitos del sistema<\/td>\n<td class=\"column-2\">Windows 7, 8, 8.1, 10 o posterior \/ Mac OS X 10.8 o posterior Puerto USB<\/td>\n<\/tr>\n<tr class=\"row-12 even\">\n<td class=\"column-1\">Colores<\/td>\n<td class=\"column-2\">Negro<\/p>\n<p>*El color del producto y las im\u00e1genes que se muestran en el paquete son \u00daNICAMENTE de referencia.\u00a0Para art\u00edculos reales, consulte los bienes f\u00edsicos contenidos en este documento.<\/td>\n<\/tr>\n<tr class=\"row-13 odd\">\n<td class=\"column-1\">Qu\u00e9 est\u00e1 incluido<\/td>\n<td class=\"column-2\">Inteligente KB-100 x1<\/td>\n<\/tr>\n<\/tbody>\n<\/table>\n<p>Para m\u00e1s informaci\u00f3n visita el <a href=\"https:\/\/us.geniusnet.com\/\" target=\"_blank\" rel=\"noopener\">sitio oficial del fabricante<\/a><\/p>\n<p>Tambi\u00e9n te puede interesar ver otros <a href=\"https:\/\/www.staging5.mgicomputadores.com\/teclados\/\" target=\"_blank\" rel=\"noopener\">Teclados<\/a><\/p>\n<div class=\"woocommerce columns-2 \">\t<ul class=\"products\" >\r\n<li class=\"post-11028 product type-product status-publish has-post-thumbnail hentry product_cat-gamer product_cat-perifericos product_cat-teclados\">\r\n\t<div class=\"container-inner\">\r\n\t<span class=\"product-loading\"><\/span>\r\n\t<div class=\"product-block-inner\">\r\n\t\t\t\t\r\n\t\t<div class=\"image-block\">\r\n\t\t\t<a href=\"https:\/\/smartecing.com\/productos\/index.php\/teclado-gamer-xenex-xcg-gkb-20\/\">\r\n\t\t\t<img width=\"800\" height=\"800\" src=\"https:\/\/smartecing.com\/productos\/wp-content\/uploads\/2023\/08\/TECLADO-GAMER-XENEX-ALAMBRICO-XCG-GKB-20.jpg\" class=\"secondary-image attachment-shop-catalog\" alt=\"\" decoding=\"async\" loading=\"lazy\" srcset=\"https:\/\/smartecing.com\/productos\/wp-content\/uploads\/2023\/08\/TECLADO-GAMER-XENEX-ALAMBRICO-XCG-GKB-20.jpg 800w, https:\/\/smartecing.com\/productos\/wp-content\/uploads\/2023\/08\/TECLADO-GAMER-XENEX-ALAMBRICO-XCG-GKB-20-300x300.jpg 300w, https:\/\/smartecing.com\/productos\/wp-content\/uploads\/2023\/08\/TECLADO-GAMER-XENEX-ALAMBRICO-XCG-GKB-20-150x150.jpg 150w, https:\/\/smartecing.com\/productos\/wp-content\/uploads\/2023\/08\/TECLADO-GAMER-XENEX-ALAMBRICO-XCG-GKB-20-768x768.jpg 768w, https:\/\/smartecing.com\/productos\/wp-content\/uploads\/2023\/08\/TECLADO-GAMER-XENEX-ALAMBRICO-XCG-GKB-20-145x145.jpg 145w, https:\/\/smartecing.com\/productos\/wp-content\/uploads\/2023\/08\/TECLADO-GAMER-XENEX-ALAMBRICO-XCG-GKB-20-50x50.jpg 50w, https:\/\/smartecing.com\/productos\/wp-content\/uploads\/2023\/08\/TECLADO-GAMER-XENEX-ALAMBRICO-XCG-GKB-20-100x100.jpg 100w\" sizes=\"(max-width: 800px) 100vw, 800px\" \/>\t\r\n\t\t\t<\/a>\r\n\t\t\t<div class=\"product-buttons\"><div class=\"product-button-outer\"><\/div><\/div>\r\n\t\t<\/div>\r\n\t\t<div class=\"product-detail-wrapper\">\r\n\t\t\t<div class=\"product-title\">\r\n\t\t\t\t<a href=\"https:\/\/smartecing.com\/productos\/index.php\/teclado-gamer-xenex-xcg-gkb-20\/\"><h3 class=\"product-name\">TECLADO GAMER XENEX XCG GKB 20<\/h3><\/a>\r\n\t\t\t<\/div>\r\n\t\t\t\t\t\r\n\t\t\n<div class=\"star-rating\" title=\"Not yet rated\"><span style=\"width:0%\"><strong class=\"rating\">0<\/strong> out of 5<\/span><\/div>\n<div\n\tclass=\"yith-wcwl-add-to-wishlist add-to-wishlist-11028  wishlist-fragment on-first-load\"\n\tdata-fragment-ref=\"11028\"\n\tdata-fragment-options=\"{&quot;base_url&quot;:&quot;&quot;,&quot;in_default_wishlist&quot;:false,&quot;is_single&quot;:false,&quot;show_exists&quot;:false,&quot;product_id&quot;:11028,&quot;parent_product_id&quot;:11028,&quot;product_type&quot;:&quot;simple&quot;,&quot;show_view&quot;:false,&quot;browse_wishlist_text&quot;:&quot;Explorar la lista de deseos&quot;,&quot;already_in_wishslist_text&quot;:&quot;\\u00a1El producto ya est\\u00e1 en tu lista de deseos!&quot;,&quot;product_added_text&quot;:&quot;\\u00a1Producto a\\u00f1adido!&quot;,&quot;heading_icon&quot;:&quot;fa-heart-o&quot;,&quot;available_multi_wishlist&quot;:false,&quot;disable_wishlist&quot;:false,&quot;show_count&quot;:false,&quot;ajax_loading&quot;:false,&quot;loop_position&quot;:&quot;after_add_to_cart&quot;,&quot;item&quot;:&quot;add_to_wishlist&quot;}\"\n>\n\t\t\t\n\t\t\t<!-- ADD TO WISHLIST -->\n\t\t\t\n<div class=\"yith-wcwl-add-button\">\n\t\t<a\n\t\thref=\"?add_to_wishlist=11028&#038;_wpnonce=aadbbd0fdf\"\n\t\tclass=\"add_to_wishlist single_add_to_wishlist\"\n\t\tdata-product-id=\"11028\"\n\t\tdata-product-type=\"simple\"\n\t\tdata-original-product-id=\"11028\"\n\t\tdata-title=\"A\u00f1adir a la lista de deseos\"\n\t\trel=\"nofollow\"\n\t>\n\t\t<i class=\"yith-wcwl-icon fa fa-heart-o\"><\/i>\t\t<span>A\u00f1adir a la lista de deseos<\/span>\n\t<\/a>\n<\/div>\n\n\t\t\t<!-- COUNT TEXT -->\n\t\t\t\n\t\t\t<\/div>\n<div class=\"woocommerce product compare-button\"><a href=\"https:\/\/smartecing.com\/productos?action=yith-woocompare-add-product&amp;id=11028\" class=\"compare button\" data-product_id=\"11028\" rel=\"nofollow\">Compare<\/a><\/div><a href=\"#\" class=\"button yith-wcqv-button\" data-product_id=\"11028\">Vista r\u00e1pida<\/a>\t\t<div class=\"product-button-hover\"><\/div> \r\n\t\t<\/div>\r\n\t\t<\/div>\r\n\t\t<\/div>\r\n<\/li><li class=\"post-11029 product type-product status-publish has-post-thumbnail hentry product_cat-perifericos product_cat-teclados\">\r\n\t<div class=\"container-inner\">\r\n\t<span class=\"product-loading\"><\/span>\r\n\t<div class=\"product-block-inner\">\r\n\t\t\t\t\r\n\t\t<div class=\"image-block\">\r\n\t\t\t<a href=\"https:\/\/smartecing.com\/productos\/index.php\/teclado-kb-100-usb-genius\/\">\r\n\t\t\t<img width=\"980\" height=\"980\" src=\"https:\/\/smartecing.com\/productos\/wp-content\/uploads\/2023\/08\/TECLADO-KB-100-USB-02.jpg\" class=\"secondary-image attachment-shop-catalog\" alt=\"\" decoding=\"async\" loading=\"lazy\" srcset=\"https:\/\/smartecing.com\/productos\/wp-content\/uploads\/2023\/08\/TECLADO-KB-100-USB-02.jpg 980w, https:\/\/smartecing.com\/productos\/wp-content\/uploads\/2023\/08\/TECLADO-KB-100-USB-02-300x300.jpg 300w, https:\/\/smartecing.com\/productos\/wp-content\/uploads\/2023\/08\/TECLADO-KB-100-USB-02-150x150.jpg 150w, https:\/\/smartecing.com\/productos\/wp-content\/uploads\/2023\/08\/TECLADO-KB-100-USB-02-768x768.jpg 768w, https:\/\/smartecing.com\/productos\/wp-content\/uploads\/2023\/08\/TECLADO-KB-100-USB-02-145x145.jpg 145w, https:\/\/smartecing.com\/productos\/wp-content\/uploads\/2023\/08\/TECLADO-KB-100-USB-02-50x50.jpg 50w, https:\/\/smartecing.com\/productos\/wp-content\/uploads\/2023\/08\/TECLADO-KB-100-USB-02-886x886.jpg 886w, https:\/\/smartecing.com\/productos\/wp-content\/uploads\/2023\/08\/TECLADO-KB-100-USB-02-100x100.jpg 100w\" sizes=\"(max-width: 980px) 100vw, 980px\" \/>\t\r\n\t\t\t<\/a>\r\n\t\t\t<div class=\"product-buttons\"><div class=\"product-button-outer\"><\/div><\/div>\r\n\t\t<\/div>\r\n\t\t<div class=\"product-detail-wrapper\">\r\n\t\t\t<div class=\"product-title\">\r\n\t\t\t\t<a href=\"https:\/\/smartecing.com\/productos\/index.php\/teclado-kb-100-usb-genius\/\"><h3 class=\"product-name\">TECLADO KB-100 USB Genius<\/h3><\/a>\r\n\t\t\t<\/div>\r\n\t\t\t\t\t\r\n\t\t\n<div class=\"star-rating\" title=\"Not yet rated\"><span style=\"width:0%\"><strong class=\"rating\">0<\/strong> out of 5<\/span><\/div>\n<div\n\tclass=\"yith-wcwl-add-to-wishlist add-to-wishlist-11029  wishlist-fragment on-first-load\"\n\tdata-fragment-ref=\"11029\"\n\tdata-fragment-options=\"{&quot;base_url&quot;:&quot;&quot;,&quot;in_default_wishlist&quot;:false,&quot;is_single&quot;:false,&quot;show_exists&quot;:false,&quot;product_id&quot;:11029,&quot;parent_product_id&quot;:11029,&quot;product_type&quot;:&quot;simple&quot;,&quot;show_view&quot;:false,&quot;browse_wishlist_text&quot;:&quot;Explorar la lista de deseos&quot;,&quot;already_in_wishslist_text&quot;:&quot;\\u00a1El producto ya est\\u00e1 en tu lista de deseos!&quot;,&quot;product_added_text&quot;:&quot;\\u00a1Producto a\\u00f1adido!&quot;,&quot;heading_icon&quot;:&quot;fa-heart-o&quot;,&quot;available_multi_wishlist&quot;:false,&quot;disable_wishlist&quot;:false,&quot;show_count&quot;:false,&quot;ajax_loading&quot;:false,&quot;loop_position&quot;:&quot;after_add_to_cart&quot;,&quot;item&quot;:&quot;add_to_wishlist&quot;}\"\n>\n\t\t\t\n\t\t\t<!-- ADD TO WISHLIST -->\n\t\t\t\n<div class=\"yith-wcwl-add-button\">\n\t\t<a\n\t\thref=\"?add_to_wishlist=11029&#038;_wpnonce=aadbbd0fdf\"\n\t\tclass=\"add_to_wishlist single_add_to_wishlist\"\n\t\tdata-product-id=\"11029\"\n\t\tdata-product-type=\"simple\"\n\t\tdata-original-product-id=\"11029\"\n\t\tdata-title=\"A\u00f1adir a la lista de deseos\"\n\t\trel=\"nofollow\"\n\t>\n\t\t<i class=\"yith-wcwl-icon fa fa-heart-o\"><\/i>\t\t<span>A\u00f1adir a la lista de deseos<\/span>\n\t<\/a>\n<\/div>\n\n\t\t\t<!-- COUNT TEXT -->\n\t\t\t\n\t\t\t<\/div>\n<div class=\"woocommerce product compare-button\"><a href=\"https:\/\/smartecing.com\/productos?action=yith-woocompare-add-product&amp;id=11029\" class=\"compare button\" data-product_id=\"11029\" rel=\"nofollow\">Compare<\/a><\/div><a href=\"#\" class=\"button yith-wcqv-button\" data-product_id=\"11029\">Vista r\u00e1pida<\/a>\t\t<div class=\"product-button-hover\"><\/div> \r\n\t\t<\/div>\r\n\t\t<\/div>\r\n\t\t<\/div>\r\n<\/li><li class=\"post-11030 product type-product status-publish has-post-thumbnail hentry product_cat-perifericos product_cat-teclados\">\r\n\t<div class=\"container-inner\">\r\n\t<span class=\"product-loading\"><\/span>\r\n\t<div class=\"product-block-inner\">\r\n\t\t\t\t\r\n\t\t<div class=\"image-block\">\r\n\t\t\t<a href=\"https:\/\/smartecing.com\/productos\/index.php\/teclado-kb-110x-ps2\/\">\r\n\t\t\t<img width=\"800\" height=\"800\" src=\"https:\/\/smartecing.com\/productos\/wp-content\/uploads\/2023\/08\/GEN-0111.jpg\" class=\"secondary-image attachment-shop-catalog\" alt=\"\" decoding=\"async\" loading=\"lazy\" srcset=\"https:\/\/smartecing.com\/productos\/wp-content\/uploads\/2023\/08\/GEN-0111.jpg 800w, https:\/\/smartecing.com\/productos\/wp-content\/uploads\/2023\/08\/GEN-0111-300x300.jpg 300w, https:\/\/smartecing.com\/productos\/wp-content\/uploads\/2023\/08\/GEN-0111-150x150.jpg 150w, https:\/\/smartecing.com\/productos\/wp-content\/uploads\/2023\/08\/GEN-0111-768x768.jpg 768w, https:\/\/smartecing.com\/productos\/wp-content\/uploads\/2023\/08\/GEN-0111-145x145.jpg 145w, https:\/\/smartecing.com\/productos\/wp-content\/uploads\/2023\/08\/GEN-0111-50x50.jpg 50w, https:\/\/smartecing.com\/productos\/wp-content\/uploads\/2023\/08\/GEN-0111-100x100.jpg 100w\" sizes=\"(max-width: 800px) 100vw, 800px\" \/>\t\r\n\t\t\t<\/a>\r\n\t\t\t<div class=\"product-buttons\"><div class=\"product-button-outer\"><\/div><\/div>\r\n\t\t<\/div>\r\n\t\t<div class=\"product-detail-wrapper\">\r\n\t\t\t<div class=\"product-title\">\r\n\t\t\t\t<a href=\"https:\/\/smartecing.com\/productos\/index.php\/teclado-kb-110x-ps2\/\"><h3 class=\"product-name\">TECLADO KB-110X PS2<\/h3><\/a>\r\n\t\t\t<\/div>\r\n\t\t\t\t\t\r\n\t\t\n<div class=\"star-rating\" title=\"Not yet rated\"><span style=\"width:0%\"><strong class=\"rating\">0<\/strong> out of 5<\/span><\/div>\n<div\n\tclass=\"yith-wcwl-add-to-wishlist add-to-wishlist-11030  wishlist-fragment on-first-load\"\n\tdata-fragment-ref=\"11030\"\n\tdata-fragment-options=\"{&quot;base_url&quot;:&quot;&quot;,&quot;in_default_wishlist&quot;:false,&quot;is_single&quot;:false,&quot;show_exists&quot;:false,&quot;product_id&quot;:11030,&quot;parent_product_id&quot;:11030,&quot;product_type&quot;:&quot;simple&quot;,&quot;show_view&quot;:false,&quot;browse_wishlist_text&quot;:&quot;Explorar la lista de deseos&quot;,&quot;already_in_wishslist_text&quot;:&quot;\\u00a1El producto ya est\\u00e1 en tu lista de deseos!&quot;,&quot;product_added_text&quot;:&quot;\\u00a1Producto a\\u00f1adido!&quot;,&quot;heading_icon&quot;:&quot;fa-heart-o&quot;,&quot;available_multi_wishlist&quot;:false,&quot;disable_wishlist&quot;:false,&quot;show_count&quot;:false,&quot;ajax_loading&quot;:false,&quot;loop_position&quot;:&quot;after_add_to_cart&quot;,&quot;item&quot;:&quot;add_to_wishlist&quot;}\"\n>\n\t\t\t\n\t\t\t<!-- ADD TO WISHLIST -->\n\t\t\t\n<div class=\"yith-wcwl-add-button\">\n\t\t<a\n\t\thref=\"?add_to_wishlist=11030&#038;_wpnonce=aadbbd0fdf\"\n\t\tclass=\"add_to_wishlist single_add_to_wishlist\"\n\t\tdata-product-id=\"11030\"\n\t\tdata-product-type=\"simple\"\n\t\tdata-original-product-id=\"11030\"\n\t\tdata-title=\"A\u00f1adir a la lista de deseos\"\n\t\trel=\"nofollow\"\n\t>\n\t\t<i class=\"yith-wcwl-icon fa fa-heart-o\"><\/i>\t\t<span>A\u00f1adir a la lista de deseos<\/span>\n\t<\/a>\n<\/div>\n\n\t\t\t<!-- COUNT TEXT -->\n\t\t\t\n\t\t\t<\/div>\n<div class=\"woocommerce product compare-button\"><a href=\"https:\/\/smartecing.com\/productos?action=yith-woocompare-add-product&amp;id=11030\" class=\"compare button\" data-product_id=\"11030\" rel=\"nofollow\">Compare<\/a><\/div><a href=\"#\" class=\"button yith-wcqv-button\" data-product_id=\"11030\">Vista r\u00e1pida<\/a>\t\t<div class=\"product-button-hover\"><\/div> \r\n\t\t<\/div>\r\n\t\t<\/div>\r\n\t\t<\/div>\r\n<\/li><li class=\"post-11061 product type-product status-publish has-post-thumbnail hentry product_cat-perifericos product_cat-teclados\">\r\n\t<div class=\"container-inner\">\r\n\t<span class=\"product-loading\"><\/span>\r\n\t<div class=\"product-block-inner\">\r\n\t\t\t\t\r\n\t\t<div class=\"image-block\">\r\n\t\t\t<a href=\"https:\/\/smartecing.com\/productos\/index.php\/teclado-kb-2000-omega\/\">\r\n\t\t\t<img width=\"800\" height=\"800\" src=\"https:\/\/smartecing.com\/productos\/wp-content\/uploads\/2023\/08\/TECLADO-KB-2000-OMEGA-02.jpg\" class=\"secondary-image attachment-shop-catalog\" alt=\"\" decoding=\"async\" loading=\"lazy\" srcset=\"https:\/\/smartecing.com\/productos\/wp-content\/uploads\/2023\/08\/TECLADO-KB-2000-OMEGA-02.jpg 800w, https:\/\/smartecing.com\/productos\/wp-content\/uploads\/2023\/08\/TECLADO-KB-2000-OMEGA-02-300x300.jpg 300w, https:\/\/smartecing.com\/productos\/wp-content\/uploads\/2023\/08\/TECLADO-KB-2000-OMEGA-02-150x150.jpg 150w, https:\/\/smartecing.com\/productos\/wp-content\/uploads\/2023\/08\/TECLADO-KB-2000-OMEGA-02-768x768.jpg 768w, https:\/\/smartecing.com\/productos\/wp-content\/uploads\/2023\/08\/TECLADO-KB-2000-OMEGA-02-145x145.jpg 145w, https:\/\/smartecing.com\/productos\/wp-content\/uploads\/2023\/08\/TECLADO-KB-2000-OMEGA-02-50x50.jpg 50w, https:\/\/smartecing.com\/productos\/wp-content\/uploads\/2023\/08\/TECLADO-KB-2000-OMEGA-02-100x100.jpg 100w\" sizes=\"(max-width: 800px) 100vw, 800px\" \/>\t\r\n\t\t\t<\/a>\r\n\t\t\t<div class=\"product-buttons\"><div class=\"product-button-outer\"><\/div><\/div>\r\n\t\t<\/div>\r\n\t\t<div class=\"product-detail-wrapper\">\r\n\t\t\t<div class=\"product-title\">\r\n\t\t\t\t<a href=\"https:\/\/smartecing.com\/productos\/index.php\/teclado-kb-2000-omega\/\"><h3 class=\"product-name\">TECLADO KB-2000 OMEGA<\/h3><\/a>\r\n\t\t\t<\/div>\r\n\t\t\t\t\t\r\n\t\t\n<div class=\"star-rating\" title=\"Not yet rated\"><span style=\"width:0%\"><strong class=\"rating\">0<\/strong> out of 5<\/span><\/div>\n<div\n\tclass=\"yith-wcwl-add-to-wishlist add-to-wishlist-11061  wishlist-fragment on-first-load\"\n\tdata-fragment-ref=\"11061\"\n\tdata-fragment-options=\"{&quot;base_url&quot;:&quot;&quot;,&quot;in_default_wishlist&quot;:false,&quot;is_single&quot;:false,&quot;show_exists&quot;:false,&quot;product_id&quot;:11061,&quot;parent_product_id&quot;:11061,&quot;product_type&quot;:&quot;simple&quot;,&quot;show_view&quot;:false,&quot;browse_wishlist_text&quot;:&quot;Explorar la lista de deseos&quot;,&quot;already_in_wishslist_text&quot;:&quot;\\u00a1El producto ya est\\u00e1 en tu lista de deseos!&quot;,&quot;product_added_text&quot;:&quot;\\u00a1Producto a\\u00f1adido!&quot;,&quot;heading_icon&quot;:&quot;fa-heart-o&quot;,&quot;available_multi_wishlist&quot;:false,&quot;disable_wishlist&quot;:false,&quot;show_count&quot;:false,&quot;ajax_loading&quot;:false,&quot;loop_position&quot;:&quot;after_add_to_cart&quot;,&quot;item&quot;:&quot;add_to_wishlist&quot;}\"\n>\n\t\t\t\n\t\t\t<!-- ADD TO WISHLIST -->\n\t\t\t\n<div class=\"yith-wcwl-add-button\">\n\t\t<a\n\t\thref=\"?add_to_wishlist=11061&#038;_wpnonce=aadbbd0fdf\"\n\t\tclass=\"add_to_wishlist single_add_to_wishlist\"\n\t\tdata-product-id=\"11061\"\n\t\tdata-product-type=\"simple\"\n\t\tdata-original-product-id=\"11061\"\n\t\tdata-title=\"A\u00f1adir a la lista de deseos\"\n\t\trel=\"nofollow\"\n\t>\n\t\t<i class=\"yith-wcwl-icon fa fa-heart-o\"><\/i>\t\t<span>A\u00f1adir a la lista de deseos<\/span>\n\t<\/a>\n<\/div>\n\n\t\t\t<!-- COUNT TEXT -->\n\t\t\t\n\t\t\t<\/div>\n<div class=\"woocommerce product compare-button\"><a href=\"https:\/\/smartecing.com\/productos?action=yith-woocompare-add-product&amp;id=11061\" class=\"compare button\" data-product_id=\"11061\" rel=\"nofollow\">Compare<\/a><\/div><a href=\"#\" class=\"button yith-wcqv-button\" data-product_id=\"11061\">Vista r\u00e1pida<\/a>\t\t<div class=\"product-button-hover\"><\/div> \r\n\t\t<\/div>\r\n\t\t<\/div>\r\n\t\t<\/div>\r\n<\/li><li class=\"post-11062 product type-product status-publish has-post-thumbnail hentry product_cat-perifericos product_cat-teclados\">\r\n\t<div class=\"container-inner\">\r\n\t<span class=\"product-loading\"><\/span>\r\n\t<div class=\"product-block-inner\">\r\n\t\t\t\t\r\n\t\t<div class=\"image-block\">\r\n\t\t\t<a href=\"https:\/\/smartecing.com\/productos\/index.php\/teclado-num-pad-i120-usb\/\">\r\n\t\t\t<img width=\"800\" height=\"800\" src=\"https:\/\/smartecing.com\/productos\/wp-content\/uploads\/2023\/08\/GEN-0137.jpg\" class=\"secondary-image attachment-shop-catalog\" alt=\"\" decoding=\"async\" loading=\"lazy\" srcset=\"https:\/\/smartecing.com\/productos\/wp-content\/uploads\/2023\/08\/GEN-0137.jpg 800w, https:\/\/smartecing.com\/productos\/wp-content\/uploads\/2023\/08\/GEN-0137-300x300.jpg 300w, https:\/\/smartecing.com\/productos\/wp-content\/uploads\/2023\/08\/GEN-0137-150x150.jpg 150w, https:\/\/smartecing.com\/productos\/wp-content\/uploads\/2023\/08\/GEN-0137-768x768.jpg 768w, https:\/\/smartecing.com\/productos\/wp-content\/uploads\/2023\/08\/GEN-0137-145x145.jpg 145w, https:\/\/smartecing.com\/productos\/wp-content\/uploads\/2023\/08\/GEN-0137-50x50.jpg 50w, https:\/\/smartecing.com\/productos\/wp-content\/uploads\/2023\/08\/GEN-0137-100x100.jpg 100w\" sizes=\"(max-width: 800px) 100vw, 800px\" \/>\t\r\n\t\t\t<\/a>\r\n\t\t\t<div class=\"product-buttons\"><div class=\"product-button-outer\"><\/div><\/div>\r\n\t\t<\/div>\r\n\t\t<div class=\"product-detail-wrapper\">\r\n\t\t\t<div class=\"product-title\">\r\n\t\t\t\t<a href=\"https:\/\/smartecing.com\/productos\/index.php\/teclado-num-pad-i120-usb\/\"><h3 class=\"product-name\">TECLADO NUM PAD I120 USB<\/h3><\/a>\r\n\t\t\t<\/div>\r\n\t\t\t\t\t\r\n\t\t\n<div class=\"star-rating\" title=\"Not yet rated\"><span style=\"width:0%\"><strong class=\"rating\">0<\/strong> out of 5<\/span><\/div>\n<div\n\tclass=\"yith-wcwl-add-to-wishlist add-to-wishlist-11062  wishlist-fragment on-first-load\"\n\tdata-fragment-ref=\"11062\"\n\tdata-fragment-options=\"{&quot;base_url&quot;:&quot;&quot;,&quot;in_default_wishlist&quot;:false,&quot;is_single&quot;:false,&quot;show_exists&quot;:false,&quot;product_id&quot;:11062,&quot;parent_product_id&quot;:11062,&quot;product_type&quot;:&quot;simple&quot;,&quot;show_view&quot;:false,&quot;browse_wishlist_text&quot;:&quot;Explorar la lista de deseos&quot;,&quot;already_in_wishslist_text&quot;:&quot;\\u00a1El producto ya est\\u00e1 en tu lista de deseos!&quot;,&quot;product_added_text&quot;:&quot;\\u00a1Producto a\\u00f1adido!&quot;,&quot;heading_icon&quot;:&quot;fa-heart-o&quot;,&quot;available_multi_wishlist&quot;:false,&quot;disable_wishlist&quot;:false,&quot;show_count&quot;:false,&quot;ajax_loading&quot;:false,&quot;loop_position&quot;:&quot;after_add_to_cart&quot;,&quot;item&quot;:&quot;add_to_wishlist&quot;}\"\n>\n\t\t\t\n\t\t\t<!-- ADD TO WISHLIST -->\n\t\t\t\n<div class=\"yith-wcwl-add-button\">\n\t\t<a\n\t\thref=\"?add_to_wishlist=11062&#038;_wpnonce=aadbbd0fdf\"\n\t\tclass=\"add_to_wishlist single_add_to_wishlist\"\n\t\tdata-product-id=\"11062\"\n\t\tdata-product-type=\"simple\"\n\t\tdata-original-product-id=\"11062\"\n\t\tdata-title=\"A\u00f1adir a la lista de deseos\"\n\t\trel=\"nofollow\"\n\t>\n\t\t<i class=\"yith-wcwl-icon fa fa-heart-o\"><\/i>\t\t<span>A\u00f1adir a la lista de deseos<\/span>\n\t<\/a>\n<\/div>\n\n\t\t\t<!-- COUNT TEXT -->\n\t\t\t\n\t\t\t<\/div>\n<div class=\"woocommerce product compare-button\"><a href=\"https:\/\/smartecing.com\/productos?action=yith-woocompare-add-product&amp;id=11062\" class=\"compare button\" data-product_id=\"11062\" rel=\"nofollow\">Compare<\/a><\/div><a href=\"#\" class=\"button yith-wcqv-button\" data-product_id=\"11062\">Vista r\u00e1pida<\/a>\t\t<div class=\"product-button-hover\"><\/div> \r\n\t\t<\/div>\r\n\t\t<\/div>\r\n\t\t<\/div>\r\n<\/li><\/ul>\n<\/div>\n","protected":false},"excerpt":{"rendered":"<p>Teclado KB-100 USB Genius. Tipo de tecla c\u00f3ncava. 12 Teclas de funci\u00f3n (8 de audio, 4 de Internet) Cable con longitud de1,5 metros<\/p>\n","protected":false},"featured_media":11054,"comment_status":"open","ping_status":"closed","template":"","meta":[],"product_cat":[245,276],"product_tag":[],"_links":{"self":[{"href":"https:\/\/smartecing.com\/productos\/index.php\/wp-json\/wp\/v2\/product\/11029"}],"collection":[{"href":"https:\/\/smartecing.com\/productos\/index.php\/wp-json\/wp\/v2\/product"}],"about":[{"href":"https:\/\/smartecing.com\/productos\/index.php\/wp-json\/wp\/v2\/types\/product"}],"replies":[{"embeddable":true,"href":"https:\/\/smartecing.com\/productos\/index.php\/wp-json\/wp\/v2\/comments?post=11029"}],"wp:featuredmedia":[{"embeddable":true,"href":"https:\/\/smartecing.com\/productos\/index.php\/wp-json\/wp\/v2\/media\/11054"}],"wp:attachment":[{"href":"https:\/\/smartecing.com\/productos\/index.php\/wp-json\/wp\/v2\/media?parent=11029"}],"wp:term":[{"taxonomy":"product_cat","embeddable":true,"href":"https:\/\/smartecing.com\/productos\/index.php\/wp-json\/wp\/v2\/product_cat?post=11029"},{"taxonomy":"product_tag","embeddable":true,"href":"https:\/\/smartecing.com\/productos\/index.php\/wp-json\/wp\/v2\/product_tag?post=11029"}],"curies":[{"name":"wp","href":"https:\/\/api.w.org\/{rel}","templated":true}]}}