{"id":11072,"date":"2023-08-06T15:42:39","date_gmt":"2023-08-06T15:42:39","guid":{"rendered":"https:\/\/smartecing.com\/productos\/?post_type=product&#038;p=11072"},"modified":"2023-08-06T15:43:01","modified_gmt":"2023-08-06T15:43:01","slug":"switch-5-puertos-gigabit-con-4-puertos-poe","status":"publish","type":"product","link":"https:\/\/smartecing.com\/productos\/index.php\/switch-5-puertos-gigabit-con-4-puertos-poe\/","title":{"rendered":"Switch 5 Puertos Gigabit con 4 puertos PoE"},"content":{"rendered":"<p>4 de los 5 puertos RJ45 auto negociables (Puerto 1 a Puerto 4) del switch soportan energ\u00eda sobre ethernet (PoE). Los puertos PoE detectan y suministran autom\u00e1ticamente energ\u00eda a los equipos compatibles con IEEE 802.3af (PDs). Cuando el consumo total excede de 56W, la gesti\u00f3n de energ\u00eda inteligente corta el puerto de menos prioridad asegurando la energ\u00eda de los puertos de alta priorida y protege el equipo de sobrecargas. Carcasa met\u00e1lica compacta y robusta y puertos RJ45 blindados, con dise\u00f1o de sobremesa para satisfacer las necesidades en cualquier ambiente. Adem\u00e1s el dise\u00f1o sin ventilador asegura una operaci\u00f3n sin ruido.<\/p>\n","protected":false},"excerpt":{"rendered":"<p>Soporta PoE total de 56W por todos los puertos. No necesita de configuraci\u00f3n ni instalaci\u00f3n. Switch 5 Puertos Gigabit con 4 puertos PoE. El Switch TL-SG1005LP tiene 5 puertos RJ45 10\/100\/1000Mbps, energ\u00eda el\u00e9ctrica y datos se transmiten sobre un solo cable. Compatible con dispositivos bajo standard IEEE 802.3af, permite la expansi\u00f3n de una red dom\u00e9stica o de oficina. QoS 802.1p\/DSCP habilita la eleci\u00f3n de tr\u00e1fico sesible para garantizar una latencia baja. Soporta PoE hasta 15,4W por cada puerto.<\/p>\n","protected":false},"featured_media":11106,"comment_status":"open","ping_status":"closed","template":"","meta":[],"product_cat":[243,269],"product_tag":[],"_links":{"self":[{"href":"https:\/\/smartecing.com\/productos\/index.php\/wp-json\/wp\/v2\/product\/11072"}],"collection":[{"href":"https:\/\/smartecing.com\/productos\/index.php\/wp-json\/wp\/v2\/product"}],"about":[{"href":"https:\/\/smartecing.com\/productos\/index.php\/wp-json\/wp\/v2\/types\/product"}],"replies":[{"embeddable":true,"href":"https:\/\/smartecing.com\/productos\/index.php\/wp-json\/wp\/v2\/comments?post=11072"}],"wp:featuredmedia":[{"embeddable":true,"href":"https:\/\/smartecing.com\/productos\/index.php\/wp-json\/wp\/v2\/media\/11106"}],"wp:attachment":[{"href":"https:\/\/smartecing.com\/productos\/index.php\/wp-json\/wp\/v2\/media?parent=11072"}],"wp:term":[{"taxonomy":"product_cat","embeddable":true,"href":"https:\/\/smartecing.com\/productos\/index.php\/wp-json\/wp\/v2\/product_cat?post=11072"},{"taxonomy":"product_tag","embeddable":true,"href":"https:\/\/smartecing.com\/productos\/index.php\/wp-json\/wp\/v2\/product_tag?post=11072"}],"curies":[{"name":"wp","href":"https:\/\/api.w.org\/{rel}","templated":true}]}}