{"id":11113,"date":"2023-08-06T15:43:04","date_gmt":"2023-08-06T15:43:04","guid":{"rendered":"https:\/\/smartecing.com\/productos\/?post_type=product&#038;p=11113"},"modified":"2023-08-06T15:44:25","modified_gmt":"2023-08-06T15:44:25","slug":"router-wi-fi-multimodo-de-300-mbps","status":"publish","type":"product","link":"https:\/\/smartecing.com\/productos\/index.php\/router-wi-fi-multimodo-de-300-mbps\/","title":{"rendered":"Router Wi-Fi Multimodo de 300 Mbps"},"content":{"rendered":"<p>Disfrute de la navegaci\u00f3n web, la transmisi\u00f3n HD y la descarga con su familia. Las velocidades inal\u00e1mbricas de 300 Mbps en la banda de 2,4 GHz satisfacen sus necesidades diarias. Dos potentes antenas de 5 dBi y 2 \u00d7 2 MIMO mejoran la transmisi\u00f3n inal\u00e1mbrica para ofrecer una cobertura inal\u00e1mbrica m\u00e1s amplia con una intensidad de se\u00f1al m\u00e1s fuerte. Administre f\u00e1cilmente su red dom\u00e9stica con herramientas integradas vers\u00e1tiles, que incluyen controles parentales, red de invitados, QoS y m\u00e1s. Conecte un cable Ethernet para crear instant\u00e1neamente una red inal\u00e1mbrica privada y compartir el acceso a Internet con todos sus dispositivos Wi-Fi.<\/p>\n","protected":false},"excerpt":{"rendered":"<p>La velocidad de Wi-Fi de Router Wi-Fi Multimodo de 300 Mbps TL-WR820N es ideal para las tareas diarias, incluida la navegaci\u00f3n, el env\u00edo de correos electr\u00f3nicos y la transmisi\u00f3n de video. IPTV admite IGMP Proxy \/ Snooping, Bridge y Tag VLAN para optimizar la transmisi\u00f3n de IPTV. Guest Network proporciona acceso independiente para invitados mientras protege la red del host. Los controles parentales administran cu\u00e1ndo y c\u00f3mo los dispositivos conectados pueden acceder a Internet. El firewall SPI y el cifrado inal\u00e1mbrico protegen su red dom\u00e9stica. Compatible con IPv6 (Protocolo de Internet versi\u00f3n 6). Modo extensor a partir de la V2.<\/p>\n","protected":false},"featured_media":11203,"comment_status":"open","ping_status":"closed","template":"","meta":[],"product_cat":[244],"product_tag":[],"_links":{"self":[{"href":"https:\/\/smartecing.com\/productos\/index.php\/wp-json\/wp\/v2\/product\/11113"}],"collection":[{"href":"https:\/\/smartecing.com\/productos\/index.php\/wp-json\/wp\/v2\/product"}],"about":[{"href":"https:\/\/smartecing.com\/productos\/index.php\/wp-json\/wp\/v2\/types\/product"}],"replies":[{"embeddable":true,"href":"https:\/\/smartecing.com\/productos\/index.php\/wp-json\/wp\/v2\/comments?post=11113"}],"wp:featuredmedia":[{"embeddable":true,"href":"https:\/\/smartecing.com\/productos\/index.php\/wp-json\/wp\/v2\/media\/11203"}],"wp:attachment":[{"href":"https:\/\/smartecing.com\/productos\/index.php\/wp-json\/wp\/v2\/media?parent=11113"}],"wp:term":[{"taxonomy":"product_cat","embeddable":true,"href":"https:\/\/smartecing.com\/productos\/index.php\/wp-json\/wp\/v2\/product_cat?post=11113"},{"taxonomy":"product_tag","embeddable":true,"href":"https:\/\/smartecing.com\/productos\/index.php\/wp-json\/wp\/v2\/product_tag?post=11113"}],"curies":[{"name":"wp","href":"https:\/\/api.w.org\/{rel}","templated":true}]}}