{"id":9440,"date":"2023-08-06T14:32:37","date_gmt":"2023-08-06T14:32:37","guid":{"rendered":"https:\/\/smartecing.com\/productos\/?post_type=product&#038;p=9440"},"modified":"2023-08-06T14:33:05","modified_gmt":"2023-08-06T14:33:05","slug":"camara-domo-1080p-f2-8-ir20m-ip67-metalica","status":"publish","type":"product","link":"https:\/\/smartecing.com\/productos\/index.php\/camara-domo-1080p-f2-8-ir20m-ip67-metalica\/","title":{"rendered":"CAMARA DOMO 1080P F2.8 IR20m IP67 METALICA"},"content":{"rendered":"<p>DS-2CE70D0T-ITMF<\/p>\n","protected":false},"excerpt":{"rendered":"<p>C\u00e1mara Turbo 1080p Turret Exir 0.01lux F2.8 Ir20m Ip67 Met\u00e1lica Hikvision. 2 MP, resoluci\u00f3n 1920 \u00d7 1080. Lente fija de 2.8 mm, 3.6 mm, 6 mm. IR inteligente, hasta 20 m de distancia IR. Salida de video 4 en 1 (TVI \/ AHD \/ CVI \/ CVBS conmutable). IP67.<\/p>\n","protected":false},"featured_media":9489,"comment_status":"open","ping_status":"closed","template":"","meta":[],"product_cat":[93,94,174,96],"product_tag":[],"_links":{"self":[{"href":"https:\/\/smartecing.com\/productos\/index.php\/wp-json\/wp\/v2\/product\/9440"}],"collection":[{"href":"https:\/\/smartecing.com\/productos\/index.php\/wp-json\/wp\/v2\/product"}],"about":[{"href":"https:\/\/smartecing.com\/productos\/index.php\/wp-json\/wp\/v2\/types\/product"}],"replies":[{"embeddable":true,"href":"https:\/\/smartecing.com\/productos\/index.php\/wp-json\/wp\/v2\/comments?post=9440"}],"wp:featuredmedia":[{"embeddable":true,"href":"https:\/\/smartecing.com\/productos\/index.php\/wp-json\/wp\/v2\/media\/9489"}],"wp:attachment":[{"href":"https:\/\/smartecing.com\/productos\/index.php\/wp-json\/wp\/v2\/media?parent=9440"}],"wp:term":[{"taxonomy":"product_cat","embeddable":true,"href":"https:\/\/smartecing.com\/productos\/index.php\/wp-json\/wp\/v2\/product_cat?post=9440"},{"taxonomy":"product_tag","embeddable":true,"href":"https:\/\/smartecing.com\/productos\/index.php\/wp-json\/wp\/v2\/product_tag?post=9440"}],"curies":[{"name":"wp","href":"https:\/\/api.w.org\/{rel}","templated":true}]}}