{"id":9738,"date":"2023-08-06T14:35:39","date_gmt":"2023-08-06T14:35:39","guid":{"rendered":"https:\/\/smartecing.com\/productos\/?post_type=product&#038;p=9738"},"modified":"2023-08-06T14:36:05","modified_gmt":"2023-08-06T14:36:05","slug":"videoportero-lcd-3-5in-ds-kd3002-vm","status":"publish","type":"product","link":"https:\/\/smartecing.com\/productos\/index.php\/videoportero-lcd-3-5in-ds-kd3002-vm\/","title":{"rendered":"VIDEOPORTERO LCD 3.5IN DS-KD3002-VM"},"content":{"rendered":"","protected":false},"excerpt":{"rendered":"<p>Estaci\u00f3n de puerta de metal a prueba de agua. 3.5&#8243; tecla t\u00e1ctil f\u00edsica. Estaci\u00f3n de puerta de 1.3 MP. Aleaci\u00f3n de aluminio. LCD TFT colorido de 3.5 pulgadas. Resoluci\u00f3n de pantalla: 480&#215;320. Entrada de alarma de 8 canales, salida de alarma de 4 canales. Resoluci\u00f3n de la c\u00e1mara: HD720P, 25 fps (P) \/ 30 fps (N). Suplemento de luz visible. Ethernet autoadaptativa 10M \/ 100M \/ 1000M. Wiegand y RS-485. IP65. USB 2.0. 12 VDC.<\/p>\n","protected":false},"featured_media":9788,"comment_status":"closed","ping_status":"closed","template":"","meta":[],"product_cat":[201,96,202],"product_tag":[132,215],"_links":{"self":[{"href":"https:\/\/smartecing.com\/productos\/index.php\/wp-json\/wp\/v2\/product\/9738"}],"collection":[{"href":"https:\/\/smartecing.com\/productos\/index.php\/wp-json\/wp\/v2\/product"}],"about":[{"href":"https:\/\/smartecing.com\/productos\/index.php\/wp-json\/wp\/v2\/types\/product"}],"replies":[{"embeddable":true,"href":"https:\/\/smartecing.com\/productos\/index.php\/wp-json\/wp\/v2\/comments?post=9738"}],"wp:featuredmedia":[{"embeddable":true,"href":"https:\/\/smartecing.com\/productos\/index.php\/wp-json\/wp\/v2\/media\/9788"}],"wp:attachment":[{"href":"https:\/\/smartecing.com\/productos\/index.php\/wp-json\/wp\/v2\/media?parent=9738"}],"wp:term":[{"taxonomy":"product_cat","embeddable":true,"href":"https:\/\/smartecing.com\/productos\/index.php\/wp-json\/wp\/v2\/product_cat?post=9738"},{"taxonomy":"product_tag","embeddable":true,"href":"https:\/\/smartecing.com\/productos\/index.php\/wp-json\/wp\/v2\/product_tag?post=9738"}],"curies":[{"name":"wp","href":"https:\/\/api.w.org\/{rel}","templated":true}]}}