{"id":9983,"date":"2023-08-06T14:37:55","date_gmt":"2023-08-06T14:37:55","guid":{"rendered":"https:\/\/smartecing.com\/productos\/?post_type=product&#038;p=9983"},"modified":"2023-08-06T14:52:47","modified_gmt":"2023-08-06T14:52:47","slug":"control-de-acceso-kf160","status":"publish","type":"product","link":"https:\/\/smartecing.com\/productos\/index.php\/control-de-acceso-kf160\/","title":{"rendered":"Control de Acceso KF160"},"content":{"rendered":"<p>Terminal de Reconocimiento Facial para Gesti\u00f3n de Asistencia y funciones de Control de Acceso. El KF160 es una innovadora terminal para gesti\u00f3n de asistencia de los empleados y funciones b\u00e1sicas de control de acceso. La veri\ufb01caci\u00f3n de usuarios es realizada mediante reconocimiento de rostro (est\u00e1ndar) o tarjetas ID (opcional). El proceso de veri\ufb01caci\u00f3n dura menos de 1 segundo, pieza clave en las horas de entrada y salida. La amigable interfaz de usuario del KF160 proporciona un manejo sencillo y \u00e1gil. La transferencia de datos puede realizarse por medio de su interfaz TCP\/IP o USB para transferir los datos de manera manual.<\/p>\n<p>Especificaciones:<\/p>\n<p>Capacidad de Rostros 1.500<\/p>\n<p>Capacidad de Tarjetas 2.000(Opcional)<\/p>\n<p>Capacidad de Eventos 100.000<\/p>\n<p>Pantalla 2.8 Pulgadas TFT<\/p>\n<p>Comunicaci\u00f3n TCP\/IP, USB-Host, Wi-Fi(Opcional)<\/p>\n<p>Funciones Est\u00e1ndar SMS, Horario de Verano, Timbre Programado, B\u00fasqueda Self-Service, Cambio Autom\u00e1tico de Estado, Entrada T9, Foto ID, C\u00e1mara, Multi-verificaci\u00f3n, Salida 12V, Impresi\u00f3n por RS232 (Cable Opcional)<\/p>\n<p>Interfaz de Control de Acceso Cerradura El\u00e9ctrica, Bot\u00f3n de Salida, Alarma<\/p>\n<p>Funciones Opcionales Tarjeta ID \/ MIFARE, C\u00f3digo de Trabajo, ADMS<\/p>\n<p>Fuente de Alimentaci\u00f3n DC 12V 1.5A<\/p>\n<p>Velocidad de Veri\ufb01caci\u00f3n \u22641 seg<\/p>\n<p>Temperatura de Operaci\u00f3n 0\u00b0c a 45\u00b0c<\/p>\n<p>Humedad de Operaci\u00f3n 20% &#8211; 80%<\/p>\n<p>Dimensiones 109 x 165.5 x 33.2 mm<\/p>\n<p>Peso Neto 264 gr<\/p>\n","protected":false},"excerpt":{"rendered":"<p>Terminal de Control de Acceso KF160 con funciones de Reconocimiento Facial para Gesti\u00f3n de Asistencia. 1.500 rostros, 100.000 eventos y 2.000 tarjetas(Opcional). M\u00faltiples idiomas. Comunicaci\u00f3n TCP\/IP y USB-Host, Wi-Fi (Opcional). Verificaci\u00f3n de usuarios en menos de 1 segundo. Firmware profesional y plataforma m\u00e1s Flexible. Interfaz de usuario sencilla e intuitiva. Dise\u00f1o sofisticado y liviano, encaja en cualquier ambiente.<\/p>\n","protected":false},"featured_media":10012,"comment_status":"open","ping_status":"closed","template":"","meta":[],"product_cat":[201,96,205],"product_tag":[],"_links":{"self":[{"href":"https:\/\/smartecing.com\/productos\/index.php\/wp-json\/wp\/v2\/product\/9983"}],"collection":[{"href":"https:\/\/smartecing.com\/productos\/index.php\/wp-json\/wp\/v2\/product"}],"about":[{"href":"https:\/\/smartecing.com\/productos\/index.php\/wp-json\/wp\/v2\/types\/product"}],"replies":[{"embeddable":true,"href":"https:\/\/smartecing.com\/productos\/index.php\/wp-json\/wp\/v2\/comments?post=9983"}],"wp:featuredmedia":[{"embeddable":true,"href":"https:\/\/smartecing.com\/productos\/index.php\/wp-json\/wp\/v2\/media\/10012"}],"wp:attachment":[{"href":"https:\/\/smartecing.com\/productos\/index.php\/wp-json\/wp\/v2\/media?parent=9983"}],"wp:term":[{"taxonomy":"product_cat","embeddable":true,"href":"https:\/\/smartecing.com\/productos\/index.php\/wp-json\/wp\/v2\/product_cat?post=9983"},{"taxonomy":"product_tag","embeddable":true,"href":"https:\/\/smartecing.com\/productos\/index.php\/wp-json\/wp\/v2\/product_tag?post=9983"}],"curies":[{"name":"wp","href":"https:\/\/api.w.org\/{rel}","templated":true}]}}